t n(r) = -2*r**3 + 26*r**2 - 11*r - 38. Suppose 2*y + 4*o = 4 + 22, -o + 56 = 5*y. Let x be n(y). Calculate the highest common factor of x and 25.
25
Let t = 395 + -373. Suppose -9*y + 20 = -4*y. Suppose 2*h + y*s - 13 = s, 6 = -2*s. What is the highest common divisor of t and h?
11
Let p(k) = 12*k**2 + 735*k - 263. Let r be p(-65). What is the highest common divisor of r and 66?
22
Let t be 4/10 - (-38)/95 - 34105/(-25). What is the highest common divisor of t and 4485?
195
Suppose 0 = -3*c + 2*t + 423, c + 4*t - 154 = 1. Calculate the highest common factor of c and 33.
11
Let a be -25 + (-6080)/(-48) + 1/3. Calculate the highest common divisor of 2278 and a.
34
Suppose t - 7*l = -2*l + 26, -t = 4*l - 62. Let b = 991 - 989. Suppose 3*q - 180 = -3*y - 111, b*y = -3*q + 46. What is the greatest common factor of y and t?
23
Suppose 30 = -5*d + 6*d. Suppose -o + 63 = 5*g, -6*g - d = -8*g + 2*o. Calculate the highest common factor of 273 and g.
13
Let x(k) = 43*k + 3. Let l be x(11). Suppose 2*a + 2*m = 56, 4*a + m = -111 + 223. Calculate the greatest common factor of l and a.
28
Suppose 85*b + 2454 - 16296 = 6558. What is the greatest common factor of b and 885?
15
Let v = 2202 - 2198. Calculate the greatest common divisor of 2276 and v.
4
Let h = -41 + 44. Let o be 1/2 + 36/(-8) + h. Let j be 2/7 + (-976)/(-14) + o. Calculate the greatest common factor of 23 and j.
23
Suppose -5*w - 2*g + 531 = -127, -2*w + 2*g = -266. What is the highest common divisor of w and 3333?
33
Let j be 5/(-5) - (-23 + (18 - 2)). What is the highest common divisor of 12306 and j?
6
Let h = -45090 - -45174. Suppose -5*n - 980 = -10*n. What is the greatest common divisor of h and n?
28
Let m(l) = l**3 + 39*l**2 + 40*l + 80. Let n be m(-38). Suppose 2*g = -n*g + 3078. What is the highest common divisor of g and 27?
27
Suppose q = 2*z + 5083, 0 = 5*z - 3*z + 3*q + 5103. Let k be (z/106)/(-1*(-2)/(-16)). Calculate the greatest common divisor of k and 240.
48
Let k be (-1920)/(-3520) - (3150/11)/(-3). What is the highest common factor of k and 3040?
32
Let h be 11/(-4)*(-53 + -3). What is the greatest common divisor of 112 and h?
14
Let k be 3*1/(-1)*(-110)/6. Suppose -9*b + k = -332. Let z = 50 - b. Calculate the highest common divisor of 77 and z.
7
Let l be -2 + ((-2)/11 + (-2142)/561 - -130). Calculate the highest common divisor of l and 6541.
31
Let o = 20651 + -19910. Calculate the greatest common factor of o and 171.
57
Let y = 15300 + -15261. Let l(j) = -17*j**3 + j**2 - j + 1. Let t be l(-2). Calculate the highest common factor of y and t.
13
Let t be ((-198)/(-10))/((-25)/125). Let y = -51 - t. Let k(m) = 2*m**2 - m - 21. Let z be k(5). What is the greatest common divisor of z and y?
24
Suppose -2*f - 15 = f, 289 = x - 2*f. Let a = -88 + 119. Calculate the greatest common divisor of a and x.
31
Let a(m) = 53*m + 2652. Let d be a(-48). Calculate the highest common divisor of 738 and d.
18
Let j(u) = 92*u**3 - 4*u**2 + 6*u - 19. Let k be j(4). Calculate the highest common factor of k and 201.
201
Suppose 114*t - 3831 + 838 = 1339. What is the greatest common factor of t and 10678?
38
Suppose -3*u = 5*j - 3695, -u - 136*j = -135*j - 1227. Calculate the highest common divisor of 400 and u.
20
Suppose 2*p = -x + 33, -x + 29 = p - 1. Let i(r) = -70*r + 270. Let m be i(0). Calculate the greatest common divisor of x and m.
27
Let g be (-98)/441 - (1552/(-9))/2. What is the highest common divisor of g and 18?
2
Suppose 307 - 55 = 3*m. Let q be m*(4/3 - 2). Let d = q - -98. What is the greatest common divisor of d and 210?
42
Suppose 4*i - 28 = 2*o, 0 = -o - o + 8. Suppose -17*t = -4777 - 1343. Let v be (12/15)/(16/t). Calculate the greatest common factor of i and v.
9
Let f(n) = 3*n - 11. Suppose 3 + 5 = -3*a - 5*d, -a - d = 0. Let c be f(a). Let r = 4 + c. What is the highest common divisor of 15 and r?
5
Suppose -240*o - 2*t - 54 = -241*o, 4*t - 228 = -4*o. What is the highest common divisor of o and 648?
8
Suppose 0 = 3*p - 87 - 57. Let s(j) = 31*j**3 - 125*j**2 - 4*j + 44. Let t be s(4). What is the greatest common factor of p and t?
12
Suppose 0 = 49*n - 768 - 261. What is the highest common divisor of 1701 and n?
21
Suppose 2 = t - 4. Let w be (3 - (3 + -2)) + -16. Let s be (-938)/w + -2 + 1. What is the greatest common divisor of s and t?
6
Suppose 13*v = v - 108. Let j be 23/3 + (-3)/v. Suppose 115 - 11 = j*u. What is the greatest common factor of 65 and u?
13
Suppose 4*i + v = 321, -2*i + 5*i - 3*v - 237 = 0. Suppose -19*k = 140480 - 141240. Calculate the greatest common divisor of k and i.
40
Let w = 14816 + -12494. Calculate the highest common factor of 54 and w.
54
Let c(x) = -153*x + 4604. Let z be c(5). What is the greatest common factor of z and 55?
11
Let w be (-1642)/(-7) - (-12)/(-224)*(4 + -12). What is the greatest common factor of 61805 and w?
235
Let q = 44 - -49. Suppose 4*z - 2*s = 104, -3*z + q - 15 = -3*s. Suppose -12 = 20*w - 26*w. Calculate the greatest common factor of z and w.
2
Let p(v) = -257*v + 9. Let h be p(-1). Suppose 0 = 2*t - 8, 4*z - t = 3*z + h. Calculate the highest common factor of z and 30.
30
Suppose -50 = -l - 22*z + 26*z, -z = -2*l + 51. Calculate the greatest common divisor of l and 6127.
11
Let f be (1/(3/4374))/(1 - (-8)/16). What is the greatest common divisor of 12 and f?
12
Suppose 28*v - 31*v = 120. Let n = -96 - -160. Let o = v + n. Calculate the greatest common divisor of 48 and o.
24
Let v(f) = 2*f**2 - 8*f - 218. Let l be v(-11). What is the greatest common divisor of l and 1036?
28
Let v be 2 + 16/(-6)*-3. Let c = -193 - -263. Suppose 0 = o - 5*g - c, -291 + 11 = -4*o + g. Calculate the highest common factor of o and v.
10
Let c = 852 - 496. What is the highest common divisor of 1157 and c?
89
Let h(u) = 10*u**2 - 238*u - 29. Let k be h(24). Let b be (-43)/4 - 1/4. Let w = k + b. Calculate the greatest common divisor of w and 40.
8
Suppose -206 + 3 = 2*j + o, -3*j = o + 302. Let h = j + 219. Let u = -41 - -81. Calculate the highest common factor of u and h.
40
Let w = 429 + -395. Suppose 3*l - x = w, -2*l + 36 = -11*x + 13*x. Calculate the highest common divisor of 208 and l.
13
Let u be 28/7 + -2 - 1*-1. Suppose u*t + v - 167 = -0*t, -3*t - 3*v + 159 = 0. Suppose 3*a - t = 27. What is the greatest common factor of a and 84?
28
Suppose -c + 180 = 4*c. Suppose 3*p + 4*v - 53 = 0, p + 5*v - 51 + 15 = 0. Let o be 47 + 2 + -6 + p. Calculate the greatest common factor of o and c.
18
Let u(c) = -1434*c**3 - 161*c**2 - 163*c - 1. Let m be u(-1). What is the highest common divisor of 385 and m?
35
Suppose 0 = 1313*z - 1303*z - 1210. Calculate the highest common factor of 3872 and z.
121
Suppose 12*z + 20 = 2*z. Let r be (0/z)/(14 - 16). Let c(f) = 6*f + 160. Let u be c(r). Calculate the highest common factor of u and 64.
32
Let x = 4342 - 4330. Calculate the highest common divisor of x and 1842.
6
Suppose -8*s + 144 = -32. Let t(u) = u + 14. Let l be t(-6). Let g = s + l. What is the highest common divisor of 70 and g?
10
Suppose -150*s = -73*s - 400631. What is the greatest common divisor of s and 121?
121
Let b(t) = 59*t**2 - 67*t + 640. Let g be b(8). Calculate the highest common factor of 80 and g.
40
Suppose -z = -5*z + 2*d + 3036, 5*z - 3795 = 5*d. Let s be (z/92)/((-3)/(-8)). Let v be (25/(-2))/(-5)*88. What is the highest common divisor of s and v?
22
Let w be (48/(-30) + 2)*110. Calculate the highest common divisor of w and 726.
22
Let w(u) = -7*u - 20. Suppose -v + 3*q = -q + 11, 10 = 5*q. Let d be 2/v + 196/(-21). Let b be w(d). Calculate the highest common factor of b and 20.
10
Let a be ((-1020)/(-50))/(129/60 - 2). Suppose 88 = 13*j - 608 - 630. Calculate the greatest common factor of j and a.
34
Let d(q) = 10*q**2 - 660*q - 43. Let y be d(67). What is the highest common factor of 429 and y?
33
Suppose 12 = 10*t - 18. Suppose -8*i + 4*r + 32 = -t*i, 4*i - r = 30. Suppose -3*k - k + 64 = 0. Calculate the greatest common divisor of i and k.
8
Let o = 518 + 1019. What is the greatest common divisor of o and 53?
53
Let z = -42 + 212. Let w be -7 + (-12)/(-3) + 13/1. What is the highest common divisor of w and z?
10
Suppose 0 = -3*a + 6, -2*n = -5*a - 753 - 785. What is the greatest common factor of n and 54?
